{"id":1077,"date":"2024-06-19T13:59:24","date_gmt":"2024-06-19T13:59:24","guid":{"rendered":"https:\/\/magntec.se\/?page_id=1077"},"modified":"2024-07-09T09:47:24","modified_gmt":"2024-07-09T09:47:24","slug":"tjanster","status":"publish","type":"page","link":"https:\/\/magntec.se\/index.php\/tjanster\/","title":{"rendered":"Tj\u00e4nster"},"content":{"rendered":"\t\t<div data-elementor-type=\"wp-page\" data-elementor-id=\"1077\" class=\"elementor elementor-1077\">\n\t\t\t\t<div class=\"elementor-element elementor-element-34e9e120 e-flex e-con-boxed e-con e-parent\" data-id=\"34e9e120\" data-element_type=\"container\" data-settings=\"{&quot;background_background&quot;:&quot;slideshow&quot;,&quot;background_slideshow_gallery&quot;:[],&quot;background_slideshow_loop&quot;:&quot;yes&quot;,&quot;background_slideshow_slide_duration&quot;:5000,&quot;background_slideshow_slide_transition&quot;:&quot;fade&quot;,&quot;background_slideshow_transition_duration&quot;:500}\">\n\t\t\t\t\t<div class=\"e-con-inner\">\n\t\t\t\t<div class=\"elementor-element elementor-element-7d93dd5f elementor-widget elementor-widget-heading\" data-id=\"7d93dd5f\" data-element_type=\"widget\" data-widget_type=\"heading.default\">\n\t\t\t\t<div class=\"elementor-widget-container\">\n\t\t\t<style>\/*! elementor - v3.22.0 - 26-06-2024 *\/\n.elementor-heading-title{padding:0;margin:0;line-height:1}.elementor-widget-heading .elementor-heading-title[class*=elementor-size-]>a{color:inherit;font-size:inherit;line-height:inherit}.elementor-widget-heading .elementor-heading-title.elementor-size-small{font-size:15px}.elementor-widget-heading .elementor-heading-title.elementor-size-medium{font-size:19px}.elementor-widget-heading .elementor-heading-title.elementor-size-large{font-size:29px}.elementor-widget-heading .elementor-heading-title.elementor-size-xl{font-size:39px}.elementor-widget-heading .elementor-heading-title.elementor-size-xxl{font-size:59px}<\/style><h2 class=\"elementor-heading-title elementor-size-xxl\">\u00d6vriga tj\u00e4nster<\/h2>\t\t<\/div>\n\t\t\t\t<\/div>\n\t\t\t\t\t<\/div>\n\t\t\t\t<\/div>\n\t\t<div class=\"elementor-element elementor-element-6bb4c07b e-flex e-con-boxed e-con e-parent\" data-id=\"6bb4c07b\" data-element_type=\"container\" data-settings=\"{&quot;background_background&quot;:&quot;slideshow&quot;,&quot;background_slideshow_gallery&quot;:[],&quot;background_slideshow_loop&quot;:&quot;yes&quot;,&quot;background_slideshow_slide_duration&quot;:5000,&quot;background_slideshow_slide_transition&quot;:&quot;fade&quot;,&quot;background_slideshow_transition_duration&quot;:500}\">\n\t\t\t\t\t<div class=\"e-con-inner\">\n\t\t\t\t<div class=\"elementor-element elementor-element-46c64cc3 elementor-widget elementor-widget-html\" data-id=\"46c64cc3\" data-element_type=\"widget\" data-widget_type=\"html.default\">\n\t\t\t\t<div class=\"elementor-widget-container\">\n\t\t\t<!DOCTYPE html>\r\n<html>\r\n  <head>\r\n    <title>Min hemsida<\/title>\r\n    <style>\r\n      \/* CSS-kod f\u00f6r breadcrumbs *\/\r\n      .breadcrumbs {\r\n        font-size: 14px;\r\n        margin: 0px 0;\r\n      }\r\n      .breadcrumbs a {\r\n        text-decoration: none;\r\n        color: #666;\r\n      }\r\n      .breadcrumbs a:hover {\r\n        color: #000;\r\n      }\r\n      .breadcrumbs span {\r\n        color: #999;\r\n        margin: 0 5px;\r\n      }\r\n      .breadcrumbs span:last-child {\r\n        margin-right: 0;\r\n      }\r\n      \r\n      \/* CSS-kod f\u00f6r typsnitt *\/\r\n      body \r\n\t  \r\n\t  {\r\n        font-family: Libre Franklin, sans-serif;\r\n      }\r\n      \r\n\t  h1 \r\n\t  \r\n\t  {\r\n        font-family: \"Times New Roman\", serif;\r\n      }\r\n\r\n      \/* \u00d6vrig CSS-kod *\/\r\n      \r\n\t  p \r\n\t  {\r\n        font-size: 16px;\r\n        line-height: 1.5;\r\n        color: #333;\r\n      }\r\n     \r\n      a:hover \r\n\t  {\r\n        text-decoration: underline;\r\n      }\r\n\t  \r\n    <\/style>\r\n  <\/head>\r\n  <body>\r\n    <!-- Breadcrumbs -->\r\n    <div class=\"breadcrumbs\">\r\n      <a href=\"https:\/\/www.magntec.se\/\">Hem<\/a>\r\n      <span>>><\/span>\r\n      <a href=\"https:\/\/magntec.se\/index.php\/tjanster\/\">Tj\u00e4nster<\/a>\r\n      <span><\/span>\t  \r\n    <\/div>\r\n  <\/body>\r\n<\/html>\t\t<\/div>\n\t\t\t\t<\/div>\n\t\t\t\t\t<\/div>\n\t\t\t\t<\/div>\n\t\t<div class=\"elementor-element elementor-element-a66df89 e-flex e-con-boxed e-con e-parent\" data-id=\"a66df89\" data-element_type=\"container\">\n\t\t\t\t\t<div class=\"e-con-inner\">\n\t\t\t\t<div class=\"elementor-element elementor-element-fcecf05 elementor-widget elementor-widget-text-editor\" data-id=\"fcecf05\" data-element_type=\"widget\" data-widget_type=\"text-editor.default\">\n\t\t\t\t<div class=\"elementor-widget-container\">\n\t\t\t<style>\/*! elementor - v3.22.0 - 26-06-2024 *\/\n.elementor-widget-text-editor.elementor-drop-cap-view-stacked .elementor-drop-cap{background-color:#69727d;color:#fff}.elementor-widget-text-editor.elementor-drop-cap-view-framed .elementor-drop-cap{color:#69727d;border:3px solid;background-color:transparent}.elementor-widget-text-editor:not(.elementor-drop-cap-view-default) .elementor-drop-cap{margin-top:8px}.elementor-widget-text-editor:not(.elementor-drop-cap-view-default) .elementor-drop-cap-letter{width:1em;height:1em}.elementor-widget-text-editor .elementor-drop-cap{float:left;text-align:center;line-height:1;font-size:50px}.elementor-widget-text-editor .elementor-drop-cap-letter{display:inline-block}<\/style>\t\t\t\t<h2 id=\"235425943161117216\" class=\"element wsite-content-title editable-text cke_editable cke_editable_inline cke_contents_ltr cke_focus cke_show_borders\" tabindex=\"0\" role=\"textbox\" contenteditable=\"true\" spellcheck=\"true\" aria-label=\"false\"><span style=\"color: #003300;\">Tj\u00e4nster<\/span><\/h2><p><span style=\"font-size: large;\">Ut\u00f6ver v\u00e5rt ordinarie utbud erbjuder vi flera andra tj\u00e4nster.<\/span><\/p><p>Vi utf\u00f6r animering och fotorendering av CAD modeller som kan anv\u00e4ndas till reklam, monteringsanvisningar eller serviceinstruktioner.<\/p><p>Med v\u00e5r egen utrusning samt v\u00e5rt breda n\u00e4tverk av partnerf\u00f6retag kan vi bist\u00e5 med m\u00e5nga olika typer av prototypframtagning.<\/p><p>\u200bVi har \u00e4ven m\u00f6jlighet att genomf\u00f6ra vissa typer av m\u00e4tningar med varierande typer av utrustning.<\/p>\t\t\t\t\t\t<\/div>\n\t\t\t\t<\/div>\n\t\t\t\t<div class=\"elementor-element elementor-element-b8273ed elementor-widget elementor-widget-spacer\" data-id=\"b8273ed\" data-element_type=\"widget\" data-widget_type=\"spacer.default\">\n\t\t\t\t<div class=\"elementor-widget-container\">\n\t\t\t<style>\/*! elementor - v3.22.0 - 26-06-2024 *\/\n.elementor-column .elementor-spacer-inner{height:var(--spacer-size)}.e-con{--container-widget-width:100%}.e-con-inner>.elementor-widget-spacer,.e-con>.elementor-widget-spacer{width:var(--container-widget-width,var(--spacer-size));--align-self:var(--container-widget-align-self,initial);--flex-shrink:0}.e-con-inner>.elementor-widget-spacer>.elementor-widget-container,.e-con>.elementor-widget-spacer>.elementor-widget-container{height:100%;width:100%}.e-con-inner>.elementor-widget-spacer>.elementor-widget-container>.elementor-spacer,.e-con>.elementor-widget-spacer>.elementor-widget-container>.elementor-spacer{height:100%}.e-con-inner>.elementor-widget-spacer>.elementor-widget-container>.elementor-spacer>.elementor-spacer-inner,.e-con>.elementor-widget-spacer>.elementor-widget-container>.elementor-spacer>.elementor-spacer-inner{height:var(--container-widget-height,var(--spacer-size))}.e-con-inner>.elementor-widget-spacer.elementor-widget-empty,.e-con>.elementor-widget-spacer.elementor-widget-empty{position:relative;min-height:22px;min-width:22px}.e-con-inner>.elementor-widget-spacer.elementor-widget-empty .elementor-widget-empty-icon,.e-con>.elementor-widget-spacer.elementor-widget-empty .elementor-widget-empty-icon{position:absolute;top:0;bottom:0;left:0;right:0;margin:auto;padding:0;width:22px;height:22px}<\/style>\t\t<div class=\"elementor-spacer\">\n\t\t\t<div class=\"elementor-spacer-inner\"><\/div>\n\t\t<\/div>\n\t\t\t\t<\/div>\n\t\t\t\t<\/div>\n\t\t\t\t\t<\/div>\n\t\t\t\t<\/div>\n\t\t<div class=\"elementor-element elementor-element-0156aab e-flex e-con-boxed e-con e-parent\" data-id=\"0156aab\" data-element_type=\"container\">\n\t\t\t\t\t<div class=\"e-con-inner\">\n\t\t<div class=\"elementor-element elementor-element-9da8eca e-con-full e-flex e-con e-child\" data-id=\"9da8eca\" data-element_type=\"container\">\n\t\t\t\t<\/div>\n\t\t<div class=\"elementor-element elementor-element-fe88e4c e-con-full e-flex e-con e-child\" data-id=\"fe88e4c\" data-element_type=\"container\">\n\t\t\t\t<div class=\"elementor-element elementor-element-462d787 elementor-widget elementor-widget-text-editor\" data-id=\"462d787\" data-element_type=\"widget\" data-widget_type=\"text-editor.default\">\n\t\t\t\t<div class=\"elementor-widget-container\">\n\t\t\t\t\t\t\t<h2 id=\"944734484528512734\" class=\"element wsite-content-title editable-text cke_editable cke_editable_inline cke_contents_ltr cke_focus cke_show_borders\" tabindex=\"0\" role=\"textbox\" contenteditable=\"true\" spellcheck=\"true\" aria-label=\"false\"><span style=\"color: #000000;\"><a style=\"color: #000000;\" href=\"https:\/\/www.magntec.se\/fotorendering.html\" data-cke-saved-href=\"https:\/\/www.magntec.se\/fotorendering.html\">Fotorendering<\/a><\/span><\/h2><p><span style=\"color: #000000;\"> Vi fotorenderar era CAD-modeller f\u00f6r anv\u00e4ndning inom marknadsf\u00f6ring eller om ni vill snygga till hemsidan.\u00a0<\/span><\/p><p>\u00a0<\/p>\t\t\t\t\t\t<\/div>\n\t\t\t\t<\/div>\n\t\t\t\t<\/div>\n\t\t\t\t\t<\/div>\n\t\t\t\t<\/div>\n\t\t<div class=\"elementor-element elementor-element-cbca54e e-flex e-con-boxed e-con e-parent\" data-id=\"cbca54e\" data-element_type=\"container\">\n\t\t\t\t\t<div class=\"e-con-inner\">\n\t\t<div class=\"elementor-element elementor-element-198a782 e-con-full e-flex e-con e-child\" data-id=\"198a782\" data-element_type=\"container\">\n\t\t\t\t<div class=\"elementor-element elementor-element-75d043e elementor-widget elementor-widget-text-editor\" data-id=\"75d043e\" data-element_type=\"widget\" data-widget_type=\"text-editor.default\">\n\t\t\t\t<div class=\"elementor-widget-container\">\n\t\t\t\t\t\t\t<h2 id=\"901270081477371060\" class=\"element wsite-content-title editable-text cke_editable cke_editable_inline cke_contents_ltr cke_focus cke_show_borders\" tabindex=\"0\" role=\"textbox\" contenteditable=\"true\" spellcheck=\"true\" aria-label=\"false\"><span style=\"color: #000000;\"><a style=\"color: #000000;\" href=\"https:\/\/www.magntec.se\/animering.html\" data-cke-saved-href=\"https:\/\/www.magntec.se\/animering.html\">Animering<\/a><\/span><\/h2><p><span style=\"color: #000000;\">Vi g\u00f6r era instruktions- eller monteringsvideor, vi g\u00f6r animeringar som utg\u00e5r fr\u00e5n en CAD-modeller f\u00f6r m\u00e5nga olika \u00e4ndam\u00e5l.\u00a0<\/span><\/p><p>\u00a0<\/p>\t\t\t\t\t\t<\/div>\n\t\t\t\t<\/div>\n\t\t\t\t<\/div>\n\t\t<div class=\"elementor-element elementor-element-613efb6 e-con-full e-flex e-con e-child\" data-id=\"613efb6\" data-element_type=\"container\">\n\t\t\t\t<\/div>\n\t\t\t\t\t<\/div>\n\t\t\t\t<\/div>\n\t\t<div class=\"elementor-element elementor-element-ba8e919 e-flex e-con-boxed e-con e-parent\" data-id=\"ba8e919\" data-element_type=\"container\">\n\t\t\t\t\t<div class=\"e-con-inner\">\n\t\t<div class=\"elementor-element elementor-element-17a7854 e-con-full e-flex e-con e-child\" data-id=\"17a7854\" data-element_type=\"container\">\n\t\t\t\t<\/div>\n\t\t<div class=\"elementor-element elementor-element-6874738 e-con-full e-flex e-con e-child\" data-id=\"6874738\" data-element_type=\"container\">\n\t\t\t\t<div class=\"elementor-element elementor-element-25407a9 elementor-widget elementor-widget-text-editor\" data-id=\"25407a9\" data-element_type=\"widget\" data-widget_type=\"text-editor.default\">\n\t\t\t\t<div class=\"elementor-widget-container\">\n\t\t\t\t\t\t\t<h2 id=\"795190294498192985\" class=\"element wsite-content-title editable-text cke_editable cke_editable_inline cke_contents_ltr cke_focus cke_show_borders\" tabindex=\"0\" role=\"textbox\" contenteditable=\"true\" spellcheck=\"true\" aria-label=\"false\"><span style=\"color: #000000;\"><a style=\"color: #000000;\" href=\"https:\/\/www.magntec.se\/3d-printning.html\" data-cke-saved-href=\"https:\/\/www.magntec.se\/3d-printning.html\">3D printning<\/a><\/span><\/h2><p><span style=\"color: #000000;\">Vi bist\u00e5r \u00e4ven med 3D utskrifter av komponenter f\u00f6r snabb utv\u00e4rdering av konstruktionen, v\u00e5r printer kan skriva o\u00e4ndligt l\u00e5ngt d\u00e5 den skriver p\u00e5 ett rullband och matar fram materialet l\u00f6pande, vi klarar tv\u00e4rsnitt p\u00e5 200&#215;170 mm.\u00a0<\/span><\/p>\t\t\t\t\t\t<\/div>\n\t\t\t\t<\/div>\n\t\t\t\t<\/div>\n\t\t\t\t\t<\/div>\n\t\t\t\t<\/div>\n\t\t<div class=\"elementor-element elementor-element-ae6444f e-flex e-con-boxed e-con e-parent\" data-id=\"ae6444f\" data-element_type=\"container\">\n\t\t\t\t\t<div class=\"e-con-inner\">\n\t\t<div class=\"elementor-element elementor-element-d0ffd98 e-con-full e-flex e-con e-child\" data-id=\"d0ffd98\" data-element_type=\"container\">\n\t\t\t\t<div class=\"elementor-element elementor-element-1dd5048 elementor-widget elementor-widget-text-editor\" data-id=\"1dd5048\" data-element_type=\"widget\" data-widget_type=\"text-editor.default\">\n\t\t\t\t<div class=\"elementor-widget-container\">\n\t\t\t\t\t\t\t<h2 id=\"764200793407492623\" class=\"element wsite-content-title editable-text cke_editable cke_editable_inline cke_contents_ltr cke_focus cke_show_borders\" tabindex=\"0\" role=\"textbox\" contenteditable=\"true\" spellcheck=\"true\" aria-label=\"false\"><span style=\"color: #000000;\"><a style=\"color: #000000;\" href=\"https:\/\/www.magntec.se\/maumltning.html\" data-cke-saved-href=\"https:\/\/www.magntec.se\/maumltning.html\">M\u00e4tning<\/a><\/span><\/h2><p>Vi kan erbjuda\u00a0 olika typer av m\u00e4tning, t.ex lufthastighet, temperatur och tryckdifferens,<br \/>Olika typer av kameror, v\u00e4rmekamera, kamera med pixelm\u00e4tning eller endoskopekamera<\/p>\t\t\t\t\t\t<\/div>\n\t\t\t\t<\/div>\n\t\t\t\t<\/div>\n\t\t<div class=\"elementor-element elementor-element-84e58bf e-con-full e-flex e-con e-child\" data-id=\"84e58bf\" data-element_type=\"container\">\n\t\t\t\t<\/div>\n\t\t\t\t\t<\/div>\n\t\t\t\t<\/div>\n\t\t<div class=\"elementor-element elementor-element-4e8bc0a e-flex e-con-boxed e-con e-parent\" data-id=\"4e8bc0a\" data-element_type=\"container\">\n\t\t\t\t\t<div class=\"e-con-inner\">\n\t\t<div class=\"elementor-element elementor-element-d304152 e-con-full e-flex e-con e-child\" data-id=\"d304152\" data-element_type=\"container\">\n\t\t\t\t<\/div>\n\t\t<div class=\"elementor-element elementor-element-4d449fa e-con-full e-flex e-con e-child\" data-id=\"4d449fa\" data-element_type=\"container\">\n\t\t\t\t<div class=\"elementor-element elementor-element-d754553 elementor-widget elementor-widget-text-editor\" data-id=\"d754553\" data-element_type=\"widget\" data-widget_type=\"text-editor.default\">\n\t\t\t\t<div class=\"elementor-widget-container\">\n\t\t\t\t\t\t\t<h2 id=\"432671289237965245\" class=\"element wsite-content-title editable-text cke_editable cke_editable_inline cke_contents_ltr cke_focus cke_show_borders\" tabindex=\"0\" role=\"textbox\" contenteditable=\"true\" spellcheck=\"true\" aria-label=\"false\"><span style=\"color: #000000;\"><a style=\"color: #000000;\" href=\"https:\/\/www.magntec.se\/prototypframtagning.html\" data-cke-saved-href=\"https:\/\/www.magntec.se\/prototypframtagning.html\">Prototyptillverkning<\/a><\/span><\/h2><p>Vi hj\u00e4lper f\u00f6retag att ta fram prototyper med egen utrustning och ett brett n\u00e4tverk av leverant\u00f6rer.<\/p>\t\t\t\t\t\t<\/div>\n\t\t\t\t<\/div>\n\t\t\t\t<\/div>\n\t\t\t\t\t<\/div>\n\t\t\t\t<\/div>\n\t\t<div class=\"elementor-element elementor-element-fa2f3da e-flex e-con-boxed e-con e-parent\" data-id=\"fa2f3da\" data-element_type=\"container\">\n\t\t\t\t\t<div class=\"e-con-inner\">\n\t\t<div class=\"elementor-element elementor-element-adbc750 e-con-full e-flex e-con e-child\" data-id=\"adbc750\" data-element_type=\"container\">\n\t\t\t\t<div class=\"elementor-element elementor-element-3ea17a2 elementor-widget elementor-widget-text-editor\" data-id=\"3ea17a2\" data-element_type=\"widget\" data-widget_type=\"text-editor.default\">\n\t\t\t\t<div class=\"elementor-widget-container\">\n\t\t\t\t\t\t\t<h2 id=\"895162959249525236\" class=\"element wsite-content-title editable-text cke_editable cke_editable_inline cke_contents_ltr cke_focus cke_show_borders\" tabindex=\"0\" role=\"textbox\" contenteditable=\"true\" spellcheck=\"true\" aria-label=\"false\"><span style=\"color: #000000;\"><a style=\"color: #000000;\" href=\"https:\/\/www.magntec.se\/verkstad.html\" data-cke-saved-href=\"https:\/\/www.magntec.se\/verkstad.html\">Verkstad<\/a><\/span><\/h2><p>I v\u00e5r verkstad g\u00f6r vi bearbetning, svetsning och montage av prototyper,\u00a0 m\u00e4tningar eller tester av olika slag.<\/p>\t\t\t\t\t\t<\/div>\n\t\t\t\t<\/div>\n\t\t\t\t<\/div>\n\t\t<div class=\"elementor-element elementor-element-fa947d5 e-con-full e-flex e-con e-child\" data-id=\"fa947d5\" data-element_type=\"container\">\n\t\t\t\t<\/div>\n\t\t\t\t\t<\/div>\n\t\t\t\t<\/div>\n\t\t<div class=\"elementor-element elementor-element-eaff7ed e-flex e-con-boxed e-con e-parent\" data-id=\"eaff7ed\" data-element_type=\"container\">\n\t\t\t\t\t<div class=\"e-con-inner\">\n\t\t<div class=\"elementor-element elementor-element-bb66be0 e-con-full e-flex e-con e-child\" data-id=\"bb66be0\" data-element_type=\"container\">\n\t\t\t\t<\/div>\n\t\t<div class=\"elementor-element elementor-element-6a39e27 e-con-full e-flex e-con e-child\" data-id=\"6a39e27\" data-element_type=\"container\">\n\t\t\t\t<div class=\"elementor-element elementor-element-f499303 elementor-widget elementor-widget-text-editor\" data-id=\"f499303\" data-element_type=\"widget\" data-widget_type=\"text-editor.default\">\n\t\t\t\t<div class=\"elementor-widget-container\">\n\t\t\t\t\t\t\t<h2 id=\"660804469476766222\" class=\"element wsite-content-title editable-text cke_editable cke_editable_inline cke_contents_ltr cke_focus cke_show_borders\" tabindex=\"0\" role=\"textbox\" contenteditable=\"true\" spellcheck=\"true\" aria-label=\"false\"><span style=\"font-size: xx-large; color: #000000;\">Intresseanm\u00e4lan v\u00e5ra tj\u00e4nster<\/span><\/h2>\t\t\t\t\t\t<\/div>\n\t\t\t\t<\/div>\n\t\t\t\t<\/div>\n\t\t\t\t\t<\/div>\n\t\t\t\t<\/div>\n\t\t\t\t<\/div>\n\t\t","protected":false},"excerpt":{"rendered":"<p>\u00d6vriga tj\u00e4nster Min hemsida Hem >> Tj\u00e4nster Tj\u00e4nster Ut\u00f6ver v\u00e5rt ordinarie utbud erbjuder vi flera andra tj\u00e4nster. Vi utf\u00f6r animering och fotorendering av CAD modeller som kan anv\u00e4ndas till reklam, monteringsanvisningar eller serviceinstruktioner. Med v\u00e5r egen utrusning samt v\u00e5rt breda n\u00e4tverk av partnerf\u00f6retag kan vi bist\u00e5 med m\u00e5nga olika typer av prototypframtagning. \u200bVi har \u00e4ven [&hellip;]<\/p>\n","protected":false},"author":3,"featured_media":0,"parent":0,"menu_order":0,"comment_status":"closed","ping_status":"closed","template":"","meta":{"footnotes":""},"class_list":["post-1077","page","type-page","status-publish","hentry"],"yoast_head":"<!-- This site is optimized with the Yoast SEO plugin v22.9 - https:\/\/yoast.com\/wordpress\/plugins\/seo\/ -->\n<title>Tj\u00e4nster - Magntec<\/title>\n<meta name=\"robots\" content=\"index, follow, max-snippet:-1, max-image-preview:large, max-video-preview:-1\" \/>\n<link rel=\"canonical\" href=\"https:\/\/magntec.se\/index.php\/tjanster\/\" \/>\n<meta property=\"og:locale\" content=\"sv_SE\" \/>\n<meta property=\"og:type\" content=\"article\" \/>\n<meta property=\"og:title\" content=\"Tj\u00e4nster - Magntec\" \/>\n<meta property=\"og:description\" content=\"\u00d6vriga tj\u00e4nster Min hemsida Hem &gt;&gt; Tj\u00e4nster Tj\u00e4nster Ut\u00f6ver v\u00e5rt ordinarie utbud erbjuder vi flera andra tj\u00e4nster. Vi utf\u00f6r animering och fotorendering av CAD modeller som kan anv\u00e4ndas till reklam, monteringsanvisningar eller serviceinstruktioner. Med v\u00e5r egen utrusning samt v\u00e5rt breda n\u00e4tverk av partnerf\u00f6retag kan vi bist\u00e5 med m\u00e5nga olika typer av prototypframtagning. \u200bVi har \u00e4ven [&hellip;]\" \/>\n<meta property=\"og:url\" content=\"https:\/\/magntec.se\/index.php\/tjanster\/\" \/>\n<meta property=\"og:site_name\" content=\"Magntec\" \/>\n<meta property=\"article:modified_time\" content=\"2024-07-09T09:47:24+00:00\" \/>\n<meta name=\"twitter:card\" content=\"summary_large_image\" \/>\n<meta name=\"twitter:label1\" content=\"Ber\u00e4knad l\u00e4stid\" \/>\n\t<meta name=\"twitter:data1\" content=\"2 minuter\" \/>\n<script type=\"application\/ld+json\" class=\"yoast-schema-graph\">{\"@context\":\"https:\/\/schema.org\",\"@graph\":[{\"@type\":\"WebPage\",\"@id\":\"https:\/\/magntec.se\/index.php\/tjanster\/\",\"url\":\"https:\/\/magntec.se\/index.php\/tjanster\/\",\"name\":\"Tj\u00e4nster - Magntec\",\"isPartOf\":{\"@id\":\"https:\/\/magntec.se\/#website\"},\"datePublished\":\"2024-06-19T13:59:24+00:00\",\"dateModified\":\"2024-07-09T09:47:24+00:00\",\"breadcrumb\":{\"@id\":\"https:\/\/magntec.se\/index.php\/tjanster\/#breadcrumb\"},\"inLanguage\":\"sv-SE\",\"potentialAction\":[{\"@type\":\"ReadAction\",\"target\":[\"https:\/\/magntec.se\/index.php\/tjanster\/\"]}]},{\"@type\":\"BreadcrumbList\",\"@id\":\"https:\/\/magntec.se\/index.php\/tjanster\/#breadcrumb\",\"itemListElement\":[{\"@type\":\"ListItem\",\"position\":1,\"name\":\"Hem\",\"item\":\"https:\/\/magntec.se\/\"},{\"@type\":\"ListItem\",\"position\":2,\"name\":\"Tj\u00e4nster\"}]},{\"@type\":\"WebSite\",\"@id\":\"https:\/\/magntec.se\/#website\",\"url\":\"https:\/\/magntec.se\/\",\"name\":\"Magntec\",\"description\":\"\",\"publisher\":{\"@id\":\"https:\/\/magntec.se\/#organization\"},\"potentialAction\":[{\"@type\":\"SearchAction\",\"target\":{\"@type\":\"EntryPoint\",\"urlTemplate\":\"https:\/\/magntec.se\/?s={search_term_string}\"},\"query-input\":\"required name=search_term_string\"}],\"inLanguage\":\"sv-SE\"},{\"@type\":\"Organization\",\"@id\":\"https:\/\/magntec.se\/#organization\",\"name\":\"Magntec\",\"url\":\"https:\/\/magntec.se\/\",\"logo\":{\"@type\":\"ImageObject\",\"inLanguage\":\"sv-SE\",\"@id\":\"https:\/\/magntec.se\/#\/schema\/logo\/image\/\",\"url\":\"https:\/\/magntec.se\/wp-content\/uploads\/2023\/10\/Magntec-horisontal.png\",\"contentUrl\":\"https:\/\/magntec.se\/wp-content\/uploads\/2023\/10\/Magntec-horisontal.png\",\"width\":3939,\"height\":644,\"caption\":\"Magntec\"},\"image\":{\"@id\":\"https:\/\/magntec.se\/#\/schema\/logo\/image\/\"}}]}<\/script>\n<!-- \/ Yoast SEO plugin. -->","yoast_head_json":{"title":"Tj\u00e4nster - Magntec","robots":{"index":"index","follow":"follow","max-snippet":"max-snippet:-1","max-image-preview":"max-image-preview:large","max-video-preview":"max-video-preview:-1"},"canonical":"https:\/\/magntec.se\/index.php\/tjanster\/","og_locale":"sv_SE","og_type":"article","og_title":"Tj\u00e4nster - Magntec","og_description":"\u00d6vriga tj\u00e4nster Min hemsida Hem >> Tj\u00e4nster Tj\u00e4nster Ut\u00f6ver v\u00e5rt ordinarie utbud erbjuder vi flera andra tj\u00e4nster. Vi utf\u00f6r animering och fotorendering av CAD modeller som kan anv\u00e4ndas till reklam, monteringsanvisningar eller serviceinstruktioner. Med v\u00e5r egen utrusning samt v\u00e5rt breda n\u00e4tverk av partnerf\u00f6retag kan vi bist\u00e5 med m\u00e5nga olika typer av prototypframtagning. \u200bVi har \u00e4ven [&hellip;]","og_url":"https:\/\/magntec.se\/index.php\/tjanster\/","og_site_name":"Magntec","article_modified_time":"2024-07-09T09:47:24+00:00","twitter_card":"summary_large_image","twitter_misc":{"Ber\u00e4knad l\u00e4stid":"2 minuter"},"schema":{"@context":"https:\/\/schema.org","@graph":[{"@type":"WebPage","@id":"https:\/\/magntec.se\/index.php\/tjanster\/","url":"https:\/\/magntec.se\/index.php\/tjanster\/","name":"Tj\u00e4nster - Magntec","isPartOf":{"@id":"https:\/\/magntec.se\/#website"},"datePublished":"2024-06-19T13:59:24+00:00","dateModified":"2024-07-09T09:47:24+00:00","breadcrumb":{"@id":"https:\/\/magntec.se\/index.php\/tjanster\/#breadcrumb"},"inLanguage":"sv-SE","potentialAction":[{"@type":"ReadAction","target":["https:\/\/magntec.se\/index.php\/tjanster\/"]}]},{"@type":"BreadcrumbList","@id":"https:\/\/magntec.se\/index.php\/tjanster\/#breadcrumb","itemListElement":[{"@type":"ListItem","position":1,"name":"Hem","item":"https:\/\/magntec.se\/"},{"@type":"ListItem","position":2,"name":"Tj\u00e4nster"}]},{"@type":"WebSite","@id":"https:\/\/magntec.se\/#website","url":"https:\/\/magntec.se\/","name":"Magntec","description":"","publisher":{"@id":"https:\/\/magntec.se\/#organization"},"potentialAction":[{"@type":"SearchAction","target":{"@type":"EntryPoint","urlTemplate":"https:\/\/magntec.se\/?s={search_term_string}"},"query-input":"required name=search_term_string"}],"inLanguage":"sv-SE"},{"@type":"Organization","@id":"https:\/\/magntec.se\/#organization","name":"Magntec","url":"https:\/\/magntec.se\/","logo":{"@type":"ImageObject","inLanguage":"sv-SE","@id":"https:\/\/magntec.se\/#\/schema\/logo\/image\/","url":"https:\/\/magntec.se\/wp-content\/uploads\/2023\/10\/Magntec-horisontal.png","contentUrl":"https:\/\/magntec.se\/wp-content\/uploads\/2023\/10\/Magntec-horisontal.png","width":3939,"height":644,"caption":"Magntec"},"image":{"@id":"https:\/\/magntec.se\/#\/schema\/logo\/image\/"}}]}},"_links":{"self":[{"href":"https:\/\/magntec.se\/index.php\/wp-json\/wp\/v2\/pages\/1077","targetHints":{"allow":["GET"]}}],"collection":[{"href":"https:\/\/magntec.se\/index.php\/wp-json\/wp\/v2\/pages"}],"about":[{"href":"https:\/\/magntec.se\/index.php\/wp-json\/wp\/v2\/types\/page"}],"author":[{"embeddable":true,"href":"https:\/\/magntec.se\/index.php\/wp-json\/wp\/v2\/users\/3"}],"replies":[{"embeddable":true,"href":"https:\/\/magntec.se\/index.php\/wp-json\/wp\/v2\/comments?post=1077"}],"version-history":[{"count":95,"href":"https:\/\/magntec.se\/index.php\/wp-json\/wp\/v2\/pages\/1077\/revisions"}],"predecessor-version":[{"id":1316,"href":"https:\/\/magntec.se\/index.php\/wp-json\/wp\/v2\/pages\/1077\/revisions\/1316"}],"wp:attachment":[{"href":"https:\/\/magntec.se\/index.php\/wp-json\/wp\/v2\/media?parent=1077"}],"curies":[{"name":"wp","href":"https:\/\/api.w.org\/{rel}","templated":true}]}}