{"id":688,"date":"2024-06-17T15:30:04","date_gmt":"2024-06-17T15:30:04","guid":{"rendered":"https:\/\/magntec.se\/?page_id=688"},"modified":"2024-06-20T11:16:57","modified_gmt":"2024-06-20T11:16:57","slug":"machine-learning","status":"publish","type":"page","link":"https:\/\/magntec.se\/index.php\/machine-learning\/","title":{"rendered":"Machine Learning"},"content":{"rendered":"\t\t<div data-elementor-type=\"wp-page\" data-elementor-id=\"688\" class=\"elementor elementor-688\">\n\t\t\t\t<div class=\"elementor-element elementor-element-43221cb4 e-flex e-con-boxed e-con e-parent\" data-id=\"43221cb4\" data-element_type=\"container\" data-settings=\"{&quot;background_background&quot;:&quot;slideshow&quot;,&quot;background_slideshow_gallery&quot;:[{&quot;id&quot;:144,&quot;url&quot;:&quot;https:\\\/\\\/magntec.se\\\/wp-content\\\/uploads\\\/2023\\\/10\\\/magntec_project-management_2560x1607.jpg&quot;}],&quot;background_slideshow_loop&quot;:&quot;yes&quot;,&quot;background_slideshow_slide_duration&quot;:5000,&quot;background_slideshow_slide_transition&quot;:&quot;fade&quot;,&quot;background_slideshow_transition_duration&quot;:500}\">\n\t\t\t\t\t<div class=\"e-con-inner\">\n\t\t\t\t<div class=\"elementor-element elementor-element-2669a649 elementor-widget elementor-widget-heading\" data-id=\"2669a649\" data-element_type=\"widget\" data-widget_type=\"heading.default\">\n\t\t\t\t<div class=\"elementor-widget-container\">\n\t\t\t<style>\/*! elementor - v3.22.0 - 26-06-2024 *\/\n.elementor-heading-title{padding:0;margin:0;line-height:1}.elementor-widget-heading .elementor-heading-title[class*=elementor-size-]>a{color:inherit;font-size:inherit;line-height:inherit}.elementor-widget-heading .elementor-heading-title.elementor-size-small{font-size:15px}.elementor-widget-heading .elementor-heading-title.elementor-size-medium{font-size:19px}.elementor-widget-heading .elementor-heading-title.elementor-size-large{font-size:29px}.elementor-widget-heading .elementor-heading-title.elementor-size-xl{font-size:39px}.elementor-widget-heading .elementor-heading-title.elementor-size-xxl{font-size:59px}<\/style><h2 class=\"elementor-heading-title elementor-size-xxl\">Machine Learning\n\n\nHot eller M\u00f6jlighet<\/h2>\t\t<\/div>\n\t\t\t\t<\/div>\n\t\t\t\t\t<\/div>\n\t\t\t\t<\/div>\n\t\t<div class=\"elementor-element elementor-element-5ab0683e e-flex e-con-boxed e-con e-parent\" data-id=\"5ab0683e\" data-element_type=\"container\" data-settings=\"{&quot;background_background&quot;:&quot;slideshow&quot;,&quot;background_slideshow_gallery&quot;:[],&quot;background_slideshow_loop&quot;:&quot;yes&quot;,&quot;background_slideshow_slide_duration&quot;:5000,&quot;background_slideshow_slide_transition&quot;:&quot;fade&quot;,&quot;background_slideshow_transition_duration&quot;:500}\">\n\t\t\t\t\t<div class=\"e-con-inner\">\n\t\t\t\t<div class=\"elementor-element elementor-element-55685100 elementor-widget elementor-widget-html\" data-id=\"55685100\" data-element_type=\"widget\" data-widget_type=\"html.default\">\n\t\t\t\t<div class=\"elementor-widget-container\">\n\t\t\t<!DOCTYPE html>\r\n<html>\r\n  <head>\r\n    <title>Min hemsida<\/title>\r\n    <style>\r\n      \/* CSS-kod f\u00f6r breadcrumbs *\/\r\n      .breadcrumbs {\r\n        font-size: 14px;\r\n        margin: 0px 0;\r\n      }\r\n      .breadcrumbs a {\r\n        text-decoration: none;\r\n        color: #666;\r\n      }\r\n      .breadcrumbs a:hover {\r\n        color: #000;\r\n      }\r\n      .breadcrumbs span {\r\n        color: #999;\r\n        margin: 0 5px;\r\n      }\r\n      .breadcrumbs span:last-child {\r\n        margin-right: 0;\r\n      }\r\n      \r\n      \/* CSS-kod f\u00f6r typsnitt *\/\r\n      body \r\n\t  \r\n\t  {\r\n        font-family: Libre Franklin, sans-serif;\r\n      }\r\n      \r\n\t  h1 \r\n\t  \r\n\t  {\r\n        font-family: \"Times New Roman\", serif;\r\n      }\r\n\r\n      \/* \u00d6vrig CSS-kod *\/\r\n      \r\n\t  p \r\n\t  {\r\n        font-size: 16px;\r\n        line-height: 1.5;\r\n        color: #333;\r\n      }\r\n     \r\n      a:hover \r\n\t  {\r\n        text-decoration: underline;\r\n      }\r\n\t  \r\n    <\/style>\r\n  <\/head>\r\n  <body>\r\n    <!-- Breadcrumbs -->\r\n    <div class=\"breadcrumbs\">\r\n      <a href=\"https:\/\/www.magntec.se\/\">Hem<\/a>\r\n      <span>>><\/span>\r\n      <a href=\"https:\/\/magntec.se\/index.php\/foredragshallare\/\">Presentationer<\/a>\r\n      <span>>><\/span>\r\n      <a href=\"https:\/\/magntec.se\/index.php\/machine-learning\/\">Machine Learning<\/a>\r\n      <span><\/span>\t  \r\n    <\/div>\r\n  <\/body>\r\n<\/html>\t\t<\/div>\n\t\t\t\t<\/div>\n\t\t\t\t\t<\/div>\n\t\t\t\t<\/div>\n\t\t<div class=\"elementor-element elementor-element-455a1b9c e-flex e-con-boxed e-con e-parent\" data-id=\"455a1b9c\" data-element_type=\"container\">\n\t\t\t\t\t<div class=\"e-con-inner\">\n\t\t<div class=\"elementor-element elementor-element-307f292f e-con-full e-flex e-con e-child\" data-id=\"307f292f\" data-element_type=\"container\">\n\t\t\t\t<div class=\"elementor-element elementor-element-50e6ce8d elementor-widget elementor-widget-image\" data-id=\"50e6ce8d\" data-element_type=\"widget\" data-widget_type=\"image.default\">\n\t\t\t\t<div class=\"elementor-widget-container\">\n\t\t\t<style>\/*! elementor - v3.22.0 - 26-06-2024 *\/\n.elementor-widget-image{text-align:center}.elementor-widget-image a{display:inline-block}.elementor-widget-image a img[src$=\".svg\"]{width:48px}.elementor-widget-image img{vertical-align:middle;display:inline-block}<\/style>\t\t\t\t\t\t\t\t\t\t<img fetchpriority=\"high\" decoding=\"async\" width=\"520\" height=\"356\" src=\"https:\/\/magntec.se\/wp-content\/uploads\/2024\/06\/Skarmklipp.png\" class=\"attachment-large size-large wp-image-632\" alt=\"\" srcset=\"https:\/\/magntec.se\/wp-content\/uploads\/2024\/06\/Skarmklipp.png 520w, https:\/\/magntec.se\/wp-content\/uploads\/2024\/06\/Skarmklipp-300x205.png 300w\" sizes=\"(max-width: 520px) 100vw, 520px\" \/>\t\t\t\t\t\t\t\t\t\t\t\t\t<\/div>\n\t\t\t\t<\/div>\n\t\t\t\t<\/div>\n\t\t<div class=\"elementor-element elementor-element-27764fc9 e-con-full e-flex e-con e-child\" data-id=\"27764fc9\" data-element_type=\"container\">\n\t\t\t\t<div class=\"elementor-element elementor-element-123dded elementor-widget elementor-widget-text-editor\" data-id=\"123dded\" data-element_type=\"widget\" data-widget_type=\"text-editor.default\">\n\t\t\t\t<div class=\"elementor-widget-container\">\n\t\t\t<style>\/*! elementor - v3.22.0 - 26-06-2024 *\/\n.elementor-widget-text-editor.elementor-drop-cap-view-stacked .elementor-drop-cap{background-color:#69727d;color:#fff}.elementor-widget-text-editor.elementor-drop-cap-view-framed .elementor-drop-cap{color:#69727d;border:3px solid;background-color:transparent}.elementor-widget-text-editor:not(.elementor-drop-cap-view-default) .elementor-drop-cap{margin-top:8px}.elementor-widget-text-editor:not(.elementor-drop-cap-view-default) .elementor-drop-cap-letter{width:1em;height:1em}.elementor-widget-text-editor .elementor-drop-cap{float:left;text-align:center;line-height:1;font-size:50px}.elementor-widget-text-editor .elementor-drop-cap-letter{display:inline-block}<\/style>\t\t\t\t<h4>Sj\u00e4lvk\u00f6rande bilar, \u201dMachine Learning\u201d, AI, Big data, ett hot eller en m\u00f6jlighet? Och hur p\u00e5verkas vi?<\/h4><p>Vad inneb\u00e4r den nya tekniken i vardagen, dessa modeord som reportrar anv\u00e4nder n\u00e4stan dagligen i nyhetsrapporteringen men f\u00f6rmodligen inte f\u00f6rst\u00e5r sj\u00e4lva.<br \/>B\u00f6rjar verkligen datorerna bli s\u00e5 intelligenta s\u00e5 m\u00e4nniskan inte har n\u00e5gon plats i samh\u00e4llet?<\/p><p>F\u00f6rel\u00e4sningen f\u00f6rklarar p\u00e5 ett l\u00e4ttsamt s\u00e4tt tekniken bakom sj\u00e4lvk\u00f6rande bilar, Machine Learning, Big data och Artificiell Intelligens.<br \/>\u00c5h\u00f6raren kommer att f\u00e5 en insikt i hur det fungerar och fler exempel ur vardagen n\u00e4r detta an-v\u00e4nds, lite diskussion hur det kan anv\u00e4ndas p\u00e5 ett bra s\u00e4tt och vi belyser \u00e4ven hur det kan anv\u00e4ndas p\u00e5 fel s\u00e4tt.<\/p><p>M\u00e5let \u00e4r att efter f\u00f6rel\u00e4sningen ska man kunna s\u00e4tta dessa ord i sitt sammanhang och ha en f\u00f6rst\u00e5else f\u00f6r hur de kan anv\u00e4ndas.<\/p>\t\t\t\t\t\t<\/div>\n\t\t\t\t<\/div>\n\t\t\t\t<\/div>\n\t\t\t\t\t<\/div>\n\t\t\t\t<\/div>\n\t\t<div class=\"elementor-element elementor-element-4ec02607 e-flex e-con-boxed e-con e-parent\" data-id=\"4ec02607\" data-element_type=\"container\">\n\t\t\t\t\t<div class=\"e-con-inner\">\n\t\t\t\t<div class=\"elementor-element elementor-element-721bb22 elementor-widget elementor-widget-spacer\" data-id=\"721bb22\" data-element_type=\"widget\" data-widget_type=\"spacer.default\">\n\t\t\t\t<div class=\"elementor-widget-container\">\n\t\t\t<style>\/*! elementor - v3.22.0 - 26-06-2024 *\/\n.elementor-column .elementor-spacer-inner{height:var(--spacer-size)}.e-con{--container-widget-width:100%}.e-con-inner>.elementor-widget-spacer,.e-con>.elementor-widget-spacer{width:var(--container-widget-width,var(--spacer-size));--align-self:var(--container-widget-align-self,initial);--flex-shrink:0}.e-con-inner>.elementor-widget-spacer>.elementor-widget-container,.e-con>.elementor-widget-spacer>.elementor-widget-container{height:100%;width:100%}.e-con-inner>.elementor-widget-spacer>.elementor-widget-container>.elementor-spacer,.e-con>.elementor-widget-spacer>.elementor-widget-container>.elementor-spacer{height:100%}.e-con-inner>.elementor-widget-spacer>.elementor-widget-container>.elementor-spacer>.elementor-spacer-inner,.e-con>.elementor-widget-spacer>.elementor-widget-container>.elementor-spacer>.elementor-spacer-inner{height:var(--container-widget-height,var(--spacer-size))}.e-con-inner>.elementor-widget-spacer.elementor-widget-empty,.e-con>.elementor-widget-spacer.elementor-widget-empty{position:relative;min-height:22px;min-width:22px}.e-con-inner>.elementor-widget-spacer.elementor-widget-empty .elementor-widget-empty-icon,.e-con>.elementor-widget-spacer.elementor-widget-empty .elementor-widget-empty-icon{position:absolute;top:0;bottom:0;left:0;right:0;margin:auto;padding:0;width:22px;height:22px}<\/style>\t\t<div class=\"elementor-spacer\">\n\t\t\t<div class=\"elementor-spacer-inner\"><\/div>\n\t\t<\/div>\n\t\t\t\t<\/div>\n\t\t\t\t<\/div>\n\t\t\t\t\t<\/div>\n\t\t\t\t<\/div>\n\t\t\t\t<\/div>\n\t\t","protected":false},"excerpt":{"rendered":"<p>Machine Learning Hot eller M\u00f6jlighet Min hemsida Hem >> Presentationer >> Machine Learning Sj\u00e4lvk\u00f6rande bilar, \u201dMachine Learning\u201d, AI, Big data, ett hot eller en m\u00f6jlighet? Och hur p\u00e5verkas vi? Vad inneb\u00e4r den nya tekniken i vardagen, dessa modeord som reportrar anv\u00e4nder n\u00e4stan dagligen i nyhetsrapporteringen men f\u00f6rmodligen inte f\u00f6rst\u00e5r sj\u00e4lva.B\u00f6rjar verkligen datorerna bli s\u00e5 intelligenta [&hellip;]<\/p>\n","protected":false},"author":3,"featured_media":0,"parent":0,"menu_order":0,"comment_status":"closed","ping_status":"closed","template":"","meta":{"footnotes":""},"class_list":["post-688","page","type-page","status-publish","hentry"],"yoast_head":"<!-- This site is optimized with the Yoast SEO plugin v22.9 - https:\/\/yoast.com\/wordpress\/plugins\/seo\/ -->\n<title>Machine Learning - Magntec<\/title>\n<meta name=\"robots\" content=\"index, follow, max-snippet:-1, max-image-preview:large, max-video-preview:-1\" \/>\n<link rel=\"canonical\" href=\"https:\/\/magntec.se\/index.php\/machine-learning\/\" \/>\n<meta property=\"og:locale\" content=\"sv_SE\" \/>\n<meta property=\"og:type\" content=\"article\" \/>\n<meta property=\"og:title\" content=\"Machine Learning - Magntec\" \/>\n<meta property=\"og:description\" content=\"Machine Learning Hot eller M\u00f6jlighet Min hemsida Hem &gt;&gt; Presentationer &gt;&gt; Machine Learning Sj\u00e4lvk\u00f6rande bilar, \u201dMachine Learning\u201d, AI, Big data, ett hot eller en m\u00f6jlighet? Och hur p\u00e5verkas vi? Vad inneb\u00e4r den nya tekniken i vardagen, dessa modeord som reportrar anv\u00e4nder n\u00e4stan dagligen i nyhetsrapporteringen men f\u00f6rmodligen inte f\u00f6rst\u00e5r sj\u00e4lva.B\u00f6rjar verkligen datorerna bli s\u00e5 intelligenta [&hellip;]\" \/>\n<meta property=\"og:url\" content=\"https:\/\/magntec.se\/index.php\/machine-learning\/\" \/>\n<meta property=\"og:site_name\" content=\"Magntec\" \/>\n<meta property=\"article:modified_time\" content=\"2024-06-20T11:16:57+00:00\" \/>\n<meta property=\"og:image\" content=\"https:\/\/magntec.se\/wp-content\/uploads\/2024\/06\/Skarmklipp.png\" \/>\n<meta name=\"twitter:card\" content=\"summary_large_image\" \/>\n<meta name=\"twitter:label1\" content=\"Ber\u00e4knad l\u00e4stid\" \/>\n\t<meta name=\"twitter:data1\" content=\"1 minut\" \/>\n<script type=\"application\/ld+json\" class=\"yoast-schema-graph\">{\"@context\":\"https:\/\/schema.org\",\"@graph\":[{\"@type\":\"WebPage\",\"@id\":\"https:\/\/magntec.se\/index.php\/machine-learning\/\",\"url\":\"https:\/\/magntec.se\/index.php\/machine-learning\/\",\"name\":\"Machine Learning - Magntec\",\"isPartOf\":{\"@id\":\"https:\/\/magntec.se\/#website\"},\"primaryImageOfPage\":{\"@id\":\"https:\/\/magntec.se\/index.php\/machine-learning\/#primaryimage\"},\"image\":{\"@id\":\"https:\/\/magntec.se\/index.php\/machine-learning\/#primaryimage\"},\"thumbnailUrl\":\"https:\/\/magntec.se\/wp-content\/uploads\/2024\/06\/Skarmklipp.png\",\"datePublished\":\"2024-06-17T15:30:04+00:00\",\"dateModified\":\"2024-06-20T11:16:57+00:00\",\"breadcrumb\":{\"@id\":\"https:\/\/magntec.se\/index.php\/machine-learning\/#breadcrumb\"},\"inLanguage\":\"sv-SE\",\"potentialAction\":[{\"@type\":\"ReadAction\",\"target\":[\"https:\/\/magntec.se\/index.php\/machine-learning\/\"]}]},{\"@type\":\"ImageObject\",\"inLanguage\":\"sv-SE\",\"@id\":\"https:\/\/magntec.se\/index.php\/machine-learning\/#primaryimage\",\"url\":\"https:\/\/magntec.se\/wp-content\/uploads\/2024\/06\/Skarmklipp.png\",\"contentUrl\":\"https:\/\/magntec.se\/wp-content\/uploads\/2024\/06\/Skarmklipp.png\",\"width\":520,\"height\":356},{\"@type\":\"BreadcrumbList\",\"@id\":\"https:\/\/magntec.se\/index.php\/machine-learning\/#breadcrumb\",\"itemListElement\":[{\"@type\":\"ListItem\",\"position\":1,\"name\":\"Hem\",\"item\":\"https:\/\/magntec.se\/\"},{\"@type\":\"ListItem\",\"position\":2,\"name\":\"Machine Learning\"}]},{\"@type\":\"WebSite\",\"@id\":\"https:\/\/magntec.se\/#website\",\"url\":\"https:\/\/magntec.se\/\",\"name\":\"Magntec\",\"description\":\"\",\"publisher\":{\"@id\":\"https:\/\/magntec.se\/#organization\"},\"potentialAction\":[{\"@type\":\"SearchAction\",\"target\":{\"@type\":\"EntryPoint\",\"urlTemplate\":\"https:\/\/magntec.se\/?s={search_term_string}\"},\"query-input\":\"required name=search_term_string\"}],\"inLanguage\":\"sv-SE\"},{\"@type\":\"Organization\",\"@id\":\"https:\/\/magntec.se\/#organization\",\"name\":\"Magntec\",\"url\":\"https:\/\/magntec.se\/\",\"logo\":{\"@type\":\"ImageObject\",\"inLanguage\":\"sv-SE\",\"@id\":\"https:\/\/magntec.se\/#\/schema\/logo\/image\/\",\"url\":\"https:\/\/magntec.se\/wp-content\/uploads\/2023\/10\/Magntec-horisontal.png\",\"contentUrl\":\"https:\/\/magntec.se\/wp-content\/uploads\/2023\/10\/Magntec-horisontal.png\",\"width\":3939,\"height\":644,\"caption\":\"Magntec\"},\"image\":{\"@id\":\"https:\/\/magntec.se\/#\/schema\/logo\/image\/\"}}]}<\/script>\n<!-- \/ Yoast SEO plugin. -->","yoast_head_json":{"title":"Machine Learning - Magntec","robots":{"index":"index","follow":"follow","max-snippet":"max-snippet:-1","max-image-preview":"max-image-preview:large","max-video-preview":"max-video-preview:-1"},"canonical":"https:\/\/magntec.se\/index.php\/machine-learning\/","og_locale":"sv_SE","og_type":"article","og_title":"Machine Learning - Magntec","og_description":"Machine Learning Hot eller M\u00f6jlighet Min hemsida Hem >> Presentationer >> Machine Learning Sj\u00e4lvk\u00f6rande bilar, \u201dMachine Learning\u201d, AI, Big data, ett hot eller en m\u00f6jlighet? Och hur p\u00e5verkas vi? Vad inneb\u00e4r den nya tekniken i vardagen, dessa modeord som reportrar anv\u00e4nder n\u00e4stan dagligen i nyhetsrapporteringen men f\u00f6rmodligen inte f\u00f6rst\u00e5r sj\u00e4lva.B\u00f6rjar verkligen datorerna bli s\u00e5 intelligenta [&hellip;]","og_url":"https:\/\/magntec.se\/index.php\/machine-learning\/","og_site_name":"Magntec","article_modified_time":"2024-06-20T11:16:57+00:00","og_image":[{"url":"https:\/\/magntec.se\/wp-content\/uploads\/2024\/06\/Skarmklipp.png"}],"twitter_card":"summary_large_image","twitter_misc":{"Ber\u00e4knad l\u00e4stid":"1 minut"},"schema":{"@context":"https:\/\/schema.org","@graph":[{"@type":"WebPage","@id":"https:\/\/magntec.se\/index.php\/machine-learning\/","url":"https:\/\/magntec.se\/index.php\/machine-learning\/","name":"Machine Learning - Magntec","isPartOf":{"@id":"https:\/\/magntec.se\/#website"},"primaryImageOfPage":{"@id":"https:\/\/magntec.se\/index.php\/machine-learning\/#primaryimage"},"image":{"@id":"https:\/\/magntec.se\/index.php\/machine-learning\/#primaryimage"},"thumbnailUrl":"https:\/\/magntec.se\/wp-content\/uploads\/2024\/06\/Skarmklipp.png","datePublished":"2024-06-17T15:30:04+00:00","dateModified":"2024-06-20T11:16:57+00:00","breadcrumb":{"@id":"https:\/\/magntec.se\/index.php\/machine-learning\/#breadcrumb"},"inLanguage":"sv-SE","potentialAction":[{"@type":"ReadAction","target":["https:\/\/magntec.se\/index.php\/machine-learning\/"]}]},{"@type":"ImageObject","inLanguage":"sv-SE","@id":"https:\/\/magntec.se\/index.php\/machine-learning\/#primaryimage","url":"https:\/\/magntec.se\/wp-content\/uploads\/2024\/06\/Skarmklipp.png","contentUrl":"https:\/\/magntec.se\/wp-content\/uploads\/2024\/06\/Skarmklipp.png","width":520,"height":356},{"@type":"BreadcrumbList","@id":"https:\/\/magntec.se\/index.php\/machine-learning\/#breadcrumb","itemListElement":[{"@type":"ListItem","position":1,"name":"Hem","item":"https:\/\/magntec.se\/"},{"@type":"ListItem","position":2,"name":"Machine Learning"}]},{"@type":"WebSite","@id":"https:\/\/magntec.se\/#website","url":"https:\/\/magntec.se\/","name":"Magntec","description":"","publisher":{"@id":"https:\/\/magntec.se\/#organization"},"potentialAction":[{"@type":"SearchAction","target":{"@type":"EntryPoint","urlTemplate":"https:\/\/magntec.se\/?s={search_term_string}"},"query-input":"required name=search_term_string"}],"inLanguage":"sv-SE"},{"@type":"Organization","@id":"https:\/\/magntec.se\/#organization","name":"Magntec","url":"https:\/\/magntec.se\/","logo":{"@type":"ImageObject","inLanguage":"sv-SE","@id":"https:\/\/magntec.se\/#\/schema\/logo\/image\/","url":"https:\/\/magntec.se\/wp-content\/uploads\/2023\/10\/Magntec-horisontal.png","contentUrl":"https:\/\/magntec.se\/wp-content\/uploads\/2023\/10\/Magntec-horisontal.png","width":3939,"height":644,"caption":"Magntec"},"image":{"@id":"https:\/\/magntec.se\/#\/schema\/logo\/image\/"}}]}},"_links":{"self":[{"href":"https:\/\/magntec.se\/index.php\/wp-json\/wp\/v2\/pages\/688","targetHints":{"allow":["GET"]}}],"collection":[{"href":"https:\/\/magntec.se\/index.php\/wp-json\/wp\/v2\/pages"}],"about":[{"href":"https:\/\/magntec.se\/index.php\/wp-json\/wp\/v2\/types\/page"}],"author":[{"embeddable":true,"href":"https:\/\/magntec.se\/index.php\/wp-json\/wp\/v2\/users\/3"}],"replies":[{"embeddable":true,"href":"https:\/\/magntec.se\/index.php\/wp-json\/wp\/v2\/comments?post=688"}],"version-history":[{"count":49,"href":"https:\/\/magntec.se\/index.php\/wp-json\/wp\/v2\/pages\/688\/revisions"}],"predecessor-version":[{"id":1190,"href":"https:\/\/magntec.se\/index.php\/wp-json\/wp\/v2\/pages\/688\/revisions\/1190"}],"wp:attachment":[{"href":"https:\/\/magntec.se\/index.php\/wp-json\/wp\/v2\/media?parent=688"}],"curies":[{"name":"wp","href":"https:\/\/api.w.org\/{rel}","templated":true}]}}