{"id":826,"date":"2024-06-19T08:15:22","date_gmt":"2024-06-19T08:15:22","guid":{"rendered":"https:\/\/magntec.se\/?page_id=826"},"modified":"2024-06-20T11:22:13","modified_gmt":"2024-06-20T11:22:13","slug":"styrelsens-roll-i-den-sjalvkorande-produkten","status":"publish","type":"page","link":"https:\/\/magntec.se\/index.php\/styrelsens-roll-i-den-sjalvkorande-produkten\/","title":{"rendered":"Styrelsens roll i den sj\u00e4lvk\u00f6rande produkten"},"content":{"rendered":"\t\t<div data-elementor-type=\"wp-page\" data-elementor-id=\"826\" class=\"elementor elementor-826\">\n\t\t\t\t<div class=\"elementor-element elementor-element-462bc808 e-flex e-con-boxed e-con e-parent\" data-id=\"462bc808\" data-element_type=\"container\" data-settings=\"{&quot;background_background&quot;:&quot;slideshow&quot;,&quot;background_slideshow_gallery&quot;:[{&quot;id&quot;:131,&quot;url&quot;:&quot;https:\\\/\\\/magntec.se\\\/wp-content\\\/uploads\\\/2023\\\/10\\\/magntec_internet-of-things_2560x1607.jpg&quot;}],&quot;background_slideshow_loop&quot;:&quot;yes&quot;,&quot;background_slideshow_slide_duration&quot;:5000,&quot;background_slideshow_slide_transition&quot;:&quot;fade&quot;,&quot;background_slideshow_transition_duration&quot;:500}\">\n\t\t\t\t\t<div class=\"e-con-inner\">\n\t\t\t\t<div class=\"elementor-element elementor-element-5a5b352f elementor-widget elementor-widget-heading\" data-id=\"5a5b352f\" data-element_type=\"widget\" data-widget_type=\"heading.default\">\n\t\t\t\t<div class=\"elementor-widget-container\">\n\t\t\t<style>\/*! elementor - v3.22.0 - 26-06-2024 *\/\n.elementor-heading-title{padding:0;margin:0;line-height:1}.elementor-widget-heading .elementor-heading-title[class*=elementor-size-]>a{color:inherit;font-size:inherit;line-height:inherit}.elementor-widget-heading .elementor-heading-title.elementor-size-small{font-size:15px}.elementor-widget-heading .elementor-heading-title.elementor-size-medium{font-size:19px}.elementor-widget-heading .elementor-heading-title.elementor-size-large{font-size:29px}.elementor-widget-heading .elementor-heading-title.elementor-size-xl{font-size:39px}.elementor-widget-heading .elementor-heading-title.elementor-size-xxl{font-size:59px}<\/style><h2 class=\"elementor-heading-title elementor-size-xxl\">Styrelsens roll i den sj\u00e4lvk\u00f6rande produkten<\/h2>\t\t<\/div>\n\t\t\t\t<\/div>\n\t\t\t\t\t<\/div>\n\t\t\t\t<\/div>\n\t\t<div class=\"elementor-element elementor-element-30db67bd e-flex e-con-boxed e-con e-parent\" data-id=\"30db67bd\" data-element_type=\"container\" data-settings=\"{&quot;background_background&quot;:&quot;slideshow&quot;,&quot;background_slideshow_gallery&quot;:[],&quot;background_slideshow_loop&quot;:&quot;yes&quot;,&quot;background_slideshow_slide_duration&quot;:5000,&quot;background_slideshow_slide_transition&quot;:&quot;fade&quot;,&quot;background_slideshow_transition_duration&quot;:500}\">\n\t\t\t\t\t<div class=\"e-con-inner\">\n\t\t\t\t<div class=\"elementor-element elementor-element-66ae9cc6 elementor-widget elementor-widget-html\" data-id=\"66ae9cc6\" data-element_type=\"widget\" data-widget_type=\"html.default\">\n\t\t\t\t<div class=\"elementor-widget-container\">\n\t\t\t<!DOCTYPE html>\r\n<html>\r\n  <head>\r\n    <title>Min hemsida<\/title>\r\n    <style>\r\n      \/* CSS-kod f\u00f6r breadcrumbs *\/\r\n      .breadcrumbs {\r\n        font-size: 14px;\r\n        margin: 0px 0;\r\n      }\r\n      .breadcrumbs a {\r\n        text-decoration: none;\r\n        color: #666;\r\n      }\r\n      .breadcrumbs a:hover {\r\n        color: #000;\r\n      }\r\n      .breadcrumbs span {\r\n        color: #999;\r\n        margin: 0 5px;\r\n      }\r\n      .breadcrumbs span:last-child {\r\n        margin-right: 0;\r\n      }\r\n      \r\n      \/* CSS-kod f\u00f6r typsnitt *\/\r\n      body \r\n\t  \r\n\t  {\r\n        font-family: Libre Franklin, sans-serif;\r\n      }\r\n      \r\n\t  h1 \r\n\t  \r\n\t  {\r\n        font-family: \"Times New Roman\", serif;\r\n      }\r\n\r\n      \/* \u00d6vrig CSS-kod *\/\r\n      \r\n\t  p \r\n\t  {\r\n        font-size: 16px;\r\n        line-height: 1.5;\r\n        color: #333;\r\n      }\r\n     \r\n      a:hover \r\n\t  {\r\n        text-decoration: underline;\r\n      }\r\n\t  \r\n    <\/style>\r\n  <\/head>\r\n  <body>\r\n    <!-- Breadcrumbs -->\r\n    <div class=\"breadcrumbs\">\r\n      <a href=\"https:\/\/www.magntec.se\/\">Hem<\/a>\r\n     <span>>><\/span>\r\n      <a href=\"https:\/\/magntec.se\/index.php\/foredragshallare\/\">Presentationer<\/a>\r\n      <span>>><\/span>\r\n      <a href=\"https:\/\/magntec.se\/index.php\/styrelsens-roll-i-den-sjalvkorande-produkten\/\">Styrelsens roll i den sj\u00e4lvk\u00f6rande produkten<\/a>\r\n      <span><\/span>\t  \r\n    <\/div>\r\n  <\/body>\r\n<\/html>\t\t<\/div>\n\t\t\t\t<\/div>\n\t\t\t\t\t<\/div>\n\t\t\t\t<\/div>\n\t\t<div class=\"elementor-element elementor-element-49fea32b e-flex e-con-boxed e-con e-parent\" data-id=\"49fea32b\" data-element_type=\"container\">\n\t\t\t\t\t<div class=\"e-con-inner\">\n\t\t<div class=\"elementor-element elementor-element-6d00d4bc e-con-full e-flex e-con e-child\" data-id=\"6d00d4bc\" data-element_type=\"container\">\n\t\t\t\t<div class=\"elementor-element elementor-element-418f2754 elementor-widget elementor-widget-image\" data-id=\"418f2754\" data-element_type=\"widget\" data-widget_type=\"image.default\">\n\t\t\t\t<div class=\"elementor-widget-container\">\n\t\t\t<style>\/*! elementor - v3.22.0 - 26-06-2024 *\/\n.elementor-widget-image{text-align:center}.elementor-widget-image a{display:inline-block}.elementor-widget-image a img[src$=\".svg\"]{width:48px}.elementor-widget-image img{vertical-align:middle;display:inline-block}<\/style>\t\t\t\t\t\t\t\t\t\t<img fetchpriority=\"high\" decoding=\"async\" width=\"520\" height=\"356\" src=\"https:\/\/magntec.se\/wp-content\/uploads\/2024\/06\/Skarmklipp.png\" class=\"attachment-large size-large wp-image-632\" alt=\"\" srcset=\"https:\/\/magntec.se\/wp-content\/uploads\/2024\/06\/Skarmklipp.png 520w, https:\/\/magntec.se\/wp-content\/uploads\/2024\/06\/Skarmklipp-300x205.png 300w\" sizes=\"(max-width: 520px) 100vw, 520px\" \/>\t\t\t\t\t\t\t\t\t\t\t\t\t<\/div>\n\t\t\t\t<\/div>\n\t\t\t\t<\/div>\n\t\t<div class=\"elementor-element elementor-element-10168289 e-con-full e-flex e-con e-child\" data-id=\"10168289\" data-element_type=\"container\">\n\t\t\t\t<div class=\"elementor-element elementor-element-6505dbfa elementor-widget elementor-widget-text-editor\" data-id=\"6505dbfa\" data-element_type=\"widget\" data-widget_type=\"text-editor.default\">\n\t\t\t\t<div class=\"elementor-widget-container\">\n\t\t\t<style>\/*! elementor - v3.22.0 - 26-06-2024 *\/\n.elementor-widget-text-editor.elementor-drop-cap-view-stacked .elementor-drop-cap{background-color:#69727d;color:#fff}.elementor-widget-text-editor.elementor-drop-cap-view-framed .elementor-drop-cap{color:#69727d;border:3px solid;background-color:transparent}.elementor-widget-text-editor:not(.elementor-drop-cap-view-default) .elementor-drop-cap{margin-top:8px}.elementor-widget-text-editor:not(.elementor-drop-cap-view-default) .elementor-drop-cap-letter{width:1em;height:1em}.elementor-widget-text-editor .elementor-drop-cap{float:left;text-align:center;line-height:1;font-size:50px}.elementor-widget-text-editor .elementor-drop-cap-letter{display:inline-block}<\/style>\t\t\t\t<h4>Alla har nog h\u00f6rt talas om autonoma (sj\u00e4lvk\u00f6rande) bilar, m\u00e5nga har nog ocks\u00e5 reflekterat om detta ber\u00f6r oss.<\/h4><p>Den h\u00e4r f\u00f6rel\u00e4sningen beskriver varf\u00f6r detta \u00e4r ett aktivt styrelsearbete p\u00e5 l\u00e5ng sikt, vi kan prata om 15-20 \u00e5r.<br \/>Vi ber\u00f6r varf\u00f6r det inte \u00e4r marknads eller teknikdriven utveckling av er produkt, vi tar upp fall i vardagen d\u00e4r vi belyser att beslutet m\u00e5ste tas i styrelsen och styrelsen m\u00e5ste vara drivande f\u00f6r att det ska lyckas och att f\u00f6retaget ska \u00f6verleva.<br \/><br \/>Under f\u00f6rel\u00e4sningen kommer ocks\u00e5 \u00e5h\u00f6raren att f\u00e5 exempel p\u00e5 hur detta p\u00e5verkar andra f\u00f6retag \u00e4n de som har n\u00e5gon form av fordon, varf\u00f6r alla styrelser borde inleda ett arbete f\u00f6r att reda ut hur detta kan p\u00e5verka v\u00e5rt f\u00f6retag och hur vi g\u00f6r f\u00f6r att s\u00e4kerst\u00e4lla v\u00e5r existens \u00e4ven efter att bilarna och andra produkter har blivit autonoma.<br \/><br \/>M\u00e5let med f\u00f6rel\u00e4sningen \u00e4r att de som arbetar i en styrelse ska f\u00e5 en f\u00f6rst\u00e5else f\u00f6r hur det kan p\u00e5verka f\u00f6retag som inte h\u00e5ller p\u00e5 med fordon och vad som beh\u00f6ver g\u00f6ras f\u00f6r att inte bli ett f\u00f6retag i historien.<br \/><br \/>F\u00f6rel\u00e4sningen passar styrelsemedlemmar och andra f\u00f6retagsledare, produktchefer och alla som p\u00e5 n\u00e5got s\u00e4tt \u00e4r inblandade i ett f\u00f6retags utveckling.<\/p>\t\t\t\t\t\t<\/div>\n\t\t\t\t<\/div>\n\t\t\t\t<\/div>\n\t\t\t\t\t<\/div>\n\t\t\t\t<\/div>\n\t\t<div class=\"elementor-element elementor-element-4ccd73a4 e-flex e-con-boxed e-con e-parent\" data-id=\"4ccd73a4\" data-element_type=\"container\">\n\t\t\t\t\t<div class=\"e-con-inner\">\n\t\t\t\t<div class=\"elementor-element elementor-element-4ebb16b elementor-widget elementor-widget-spacer\" data-id=\"4ebb16b\" data-element_type=\"widget\" data-widget_type=\"spacer.default\">\n\t\t\t\t<div class=\"elementor-widget-container\">\n\t\t\t<style>\/*! elementor - v3.22.0 - 26-06-2024 *\/\n.elementor-column .elementor-spacer-inner{height:var(--spacer-size)}.e-con{--container-widget-width:100%}.e-con-inner>.elementor-widget-spacer,.e-con>.elementor-widget-spacer{width:var(--container-widget-width,var(--spacer-size));--align-self:var(--container-widget-align-self,initial);--flex-shrink:0}.e-con-inner>.elementor-widget-spacer>.elementor-widget-container,.e-con>.elementor-widget-spacer>.elementor-widget-container{height:100%;width:100%}.e-con-inner>.elementor-widget-spacer>.elementor-widget-container>.elementor-spacer,.e-con>.elementor-widget-spacer>.elementor-widget-container>.elementor-spacer{height:100%}.e-con-inner>.elementor-widget-spacer>.elementor-widget-container>.elementor-spacer>.elementor-spacer-inner,.e-con>.elementor-widget-spacer>.elementor-widget-container>.elementor-spacer>.elementor-spacer-inner{height:var(--container-widget-height,var(--spacer-size))}.e-con-inner>.elementor-widget-spacer.elementor-widget-empty,.e-con>.elementor-widget-spacer.elementor-widget-empty{position:relative;min-height:22px;min-width:22px}.e-con-inner>.elementor-widget-spacer.elementor-widget-empty .elementor-widget-empty-icon,.e-con>.elementor-widget-spacer.elementor-widget-empty .elementor-widget-empty-icon{position:absolute;top:0;bottom:0;left:0;right:0;margin:auto;padding:0;width:22px;height:22px}<\/style>\t\t<div class=\"elementor-spacer\">\n\t\t\t<div class=\"elementor-spacer-inner\"><\/div>\n\t\t<\/div>\n\t\t\t\t<\/div>\n\t\t\t\t<\/div>\n\t\t\t\t\t<\/div>\n\t\t\t\t<\/div>\n\t\t\t\t<\/div>\n\t\t","protected":false},"excerpt":{"rendered":"<p>Styrelsens roll i den sj\u00e4lvk\u00f6rande produkten Min hemsida Hem >> Presentationer >> Styrelsens roll i den sj\u00e4lvk\u00f6rande produkten Alla har nog h\u00f6rt talas om autonoma (sj\u00e4lvk\u00f6rande) bilar, m\u00e5nga har nog ocks\u00e5 reflekterat om detta ber\u00f6r oss. Den h\u00e4r f\u00f6rel\u00e4sningen beskriver varf\u00f6r detta \u00e4r ett aktivt styrelsearbete p\u00e5 l\u00e5ng sikt, vi kan prata om 15-20 \u00e5r.Vi [&hellip;]<\/p>\n","protected":false},"author":3,"featured_media":0,"parent":0,"menu_order":0,"comment_status":"closed","ping_status":"closed","template":"","meta":{"footnotes":""},"class_list":["post-826","page","type-page","status-publish","hentry"],"yoast_head":"<!-- This site is optimized with the Yoast SEO plugin v22.9 - https:\/\/yoast.com\/wordpress\/plugins\/seo\/ -->\n<title>Styrelsens roll i den sj\u00e4lvk\u00f6rande produkten - Magntec<\/title>\n<meta name=\"robots\" content=\"index, follow, max-snippet:-1, max-image-preview:large, max-video-preview:-1\" \/>\n<link rel=\"canonical\" href=\"https:\/\/magntec.se\/index.php\/styrelsens-roll-i-den-sjalvkorande-produkten\/\" \/>\n<meta property=\"og:locale\" content=\"sv_SE\" \/>\n<meta property=\"og:type\" content=\"article\" \/>\n<meta property=\"og:title\" content=\"Styrelsens roll i den sj\u00e4lvk\u00f6rande produkten - Magntec\" \/>\n<meta property=\"og:description\" content=\"Styrelsens roll i den sj\u00e4lvk\u00f6rande produkten Min hemsida Hem &gt;&gt; Presentationer &gt;&gt; Styrelsens roll i den sj\u00e4lvk\u00f6rande produkten Alla har nog h\u00f6rt talas om autonoma (sj\u00e4lvk\u00f6rande) bilar, m\u00e5nga har nog ocks\u00e5 reflekterat om detta ber\u00f6r oss. Den h\u00e4r f\u00f6rel\u00e4sningen beskriver varf\u00f6r detta \u00e4r ett aktivt styrelsearbete p\u00e5 l\u00e5ng sikt, vi kan prata om 15-20 \u00e5r.Vi [&hellip;]\" \/>\n<meta property=\"og:url\" content=\"https:\/\/magntec.se\/index.php\/styrelsens-roll-i-den-sjalvkorande-produkten\/\" \/>\n<meta property=\"og:site_name\" content=\"Magntec\" \/>\n<meta property=\"article:modified_time\" content=\"2024-06-20T11:22:13+00:00\" \/>\n<meta property=\"og:image\" content=\"https:\/\/magntec.se\/wp-content\/uploads\/2024\/06\/Skarmklipp.png\" \/>\n<meta name=\"twitter:card\" content=\"summary_large_image\" \/>\n<meta name=\"twitter:label1\" content=\"Ber\u00e4knad l\u00e4stid\" \/>\n\t<meta name=\"twitter:data1\" content=\"2 minuter\" \/>\n<script type=\"application\/ld+json\" class=\"yoast-schema-graph\">{\"@context\":\"https:\/\/schema.org\",\"@graph\":[{\"@type\":\"WebPage\",\"@id\":\"https:\/\/magntec.se\/index.php\/styrelsens-roll-i-den-sjalvkorande-produkten\/\",\"url\":\"https:\/\/magntec.se\/index.php\/styrelsens-roll-i-den-sjalvkorande-produkten\/\",\"name\":\"Styrelsens roll i den sj\u00e4lvk\u00f6rande produkten - Magntec\",\"isPartOf\":{\"@id\":\"https:\/\/magntec.se\/#website\"},\"primaryImageOfPage\":{\"@id\":\"https:\/\/magntec.se\/index.php\/styrelsens-roll-i-den-sjalvkorande-produkten\/#primaryimage\"},\"image\":{\"@id\":\"https:\/\/magntec.se\/index.php\/styrelsens-roll-i-den-sjalvkorande-produkten\/#primaryimage\"},\"thumbnailUrl\":\"https:\/\/magntec.se\/wp-content\/uploads\/2024\/06\/Skarmklipp.png\",\"datePublished\":\"2024-06-19T08:15:22+00:00\",\"dateModified\":\"2024-06-20T11:22:13+00:00\",\"breadcrumb\":{\"@id\":\"https:\/\/magntec.se\/index.php\/styrelsens-roll-i-den-sjalvkorande-produkten\/#breadcrumb\"},\"inLanguage\":\"sv-SE\",\"potentialAction\":[{\"@type\":\"ReadAction\",\"target\":[\"https:\/\/magntec.se\/index.php\/styrelsens-roll-i-den-sjalvkorande-produkten\/\"]}]},{\"@type\":\"ImageObject\",\"inLanguage\":\"sv-SE\",\"@id\":\"https:\/\/magntec.se\/index.php\/styrelsens-roll-i-den-sjalvkorande-produkten\/#primaryimage\",\"url\":\"https:\/\/magntec.se\/wp-content\/uploads\/2024\/06\/Skarmklipp.png\",\"contentUrl\":\"https:\/\/magntec.se\/wp-content\/uploads\/2024\/06\/Skarmklipp.png\",\"width\":520,\"height\":356},{\"@type\":\"BreadcrumbList\",\"@id\":\"https:\/\/magntec.se\/index.php\/styrelsens-roll-i-den-sjalvkorande-produkten\/#breadcrumb\",\"itemListElement\":[{\"@type\":\"ListItem\",\"position\":1,\"name\":\"Hem\",\"item\":\"https:\/\/magntec.se\/\"},{\"@type\":\"ListItem\",\"position\":2,\"name\":\"Styrelsens roll i den sj\u00e4lvk\u00f6rande produkten\"}]},{\"@type\":\"WebSite\",\"@id\":\"https:\/\/magntec.se\/#website\",\"url\":\"https:\/\/magntec.se\/\",\"name\":\"Magntec\",\"description\":\"\",\"publisher\":{\"@id\":\"https:\/\/magntec.se\/#organization\"},\"potentialAction\":[{\"@type\":\"SearchAction\",\"target\":{\"@type\":\"EntryPoint\",\"urlTemplate\":\"https:\/\/magntec.se\/?s={search_term_string}\"},\"query-input\":\"required name=search_term_string\"}],\"inLanguage\":\"sv-SE\"},{\"@type\":\"Organization\",\"@id\":\"https:\/\/magntec.se\/#organization\",\"name\":\"Magntec\",\"url\":\"https:\/\/magntec.se\/\",\"logo\":{\"@type\":\"ImageObject\",\"inLanguage\":\"sv-SE\",\"@id\":\"https:\/\/magntec.se\/#\/schema\/logo\/image\/\",\"url\":\"https:\/\/magntec.se\/wp-content\/uploads\/2023\/10\/Magntec-horisontal.png\",\"contentUrl\":\"https:\/\/magntec.se\/wp-content\/uploads\/2023\/10\/Magntec-horisontal.png\",\"width\":3939,\"height\":644,\"caption\":\"Magntec\"},\"image\":{\"@id\":\"https:\/\/magntec.se\/#\/schema\/logo\/image\/\"}}]}<\/script>\n<!-- \/ Yoast SEO plugin. -->","yoast_head_json":{"title":"Styrelsens roll i den sj\u00e4lvk\u00f6rande produkten - Magntec","robots":{"index":"index","follow":"follow","max-snippet":"max-snippet:-1","max-image-preview":"max-image-preview:large","max-video-preview":"max-video-preview:-1"},"canonical":"https:\/\/magntec.se\/index.php\/styrelsens-roll-i-den-sjalvkorande-produkten\/","og_locale":"sv_SE","og_type":"article","og_title":"Styrelsens roll i den sj\u00e4lvk\u00f6rande produkten - Magntec","og_description":"Styrelsens roll i den sj\u00e4lvk\u00f6rande produkten Min hemsida Hem >> Presentationer >> Styrelsens roll i den sj\u00e4lvk\u00f6rande produkten Alla har nog h\u00f6rt talas om autonoma (sj\u00e4lvk\u00f6rande) bilar, m\u00e5nga har nog ocks\u00e5 reflekterat om detta ber\u00f6r oss. Den h\u00e4r f\u00f6rel\u00e4sningen beskriver varf\u00f6r detta \u00e4r ett aktivt styrelsearbete p\u00e5 l\u00e5ng sikt, vi kan prata om 15-20 \u00e5r.Vi [&hellip;]","og_url":"https:\/\/magntec.se\/index.php\/styrelsens-roll-i-den-sjalvkorande-produkten\/","og_site_name":"Magntec","article_modified_time":"2024-06-20T11:22:13+00:00","og_image":[{"url":"https:\/\/magntec.se\/wp-content\/uploads\/2024\/06\/Skarmklipp.png"}],"twitter_card":"summary_large_image","twitter_misc":{"Ber\u00e4knad l\u00e4stid":"2 minuter"},"schema":{"@context":"https:\/\/schema.org","@graph":[{"@type":"WebPage","@id":"https:\/\/magntec.se\/index.php\/styrelsens-roll-i-den-sjalvkorande-produkten\/","url":"https:\/\/magntec.se\/index.php\/styrelsens-roll-i-den-sjalvkorande-produkten\/","name":"Styrelsens roll i den sj\u00e4lvk\u00f6rande produkten - Magntec","isPartOf":{"@id":"https:\/\/magntec.se\/#website"},"primaryImageOfPage":{"@id":"https:\/\/magntec.se\/index.php\/styrelsens-roll-i-den-sjalvkorande-produkten\/#primaryimage"},"image":{"@id":"https:\/\/magntec.se\/index.php\/styrelsens-roll-i-den-sjalvkorande-produkten\/#primaryimage"},"thumbnailUrl":"https:\/\/magntec.se\/wp-content\/uploads\/2024\/06\/Skarmklipp.png","datePublished":"2024-06-19T08:15:22+00:00","dateModified":"2024-06-20T11:22:13+00:00","breadcrumb":{"@id":"https:\/\/magntec.se\/index.php\/styrelsens-roll-i-den-sjalvkorande-produkten\/#breadcrumb"},"inLanguage":"sv-SE","potentialAction":[{"@type":"ReadAction","target":["https:\/\/magntec.se\/index.php\/styrelsens-roll-i-den-sjalvkorande-produkten\/"]}]},{"@type":"ImageObject","inLanguage":"sv-SE","@id":"https:\/\/magntec.se\/index.php\/styrelsens-roll-i-den-sjalvkorande-produkten\/#primaryimage","url":"https:\/\/magntec.se\/wp-content\/uploads\/2024\/06\/Skarmklipp.png","contentUrl":"https:\/\/magntec.se\/wp-content\/uploads\/2024\/06\/Skarmklipp.png","width":520,"height":356},{"@type":"BreadcrumbList","@id":"https:\/\/magntec.se\/index.php\/styrelsens-roll-i-den-sjalvkorande-produkten\/#breadcrumb","itemListElement":[{"@type":"ListItem","position":1,"name":"Hem","item":"https:\/\/magntec.se\/"},{"@type":"ListItem","position":2,"name":"Styrelsens roll i den sj\u00e4lvk\u00f6rande produkten"}]},{"@type":"WebSite","@id":"https:\/\/magntec.se\/#website","url":"https:\/\/magntec.se\/","name":"Magntec","description":"","publisher":{"@id":"https:\/\/magntec.se\/#organization"},"potentialAction":[{"@type":"SearchAction","target":{"@type":"EntryPoint","urlTemplate":"https:\/\/magntec.se\/?s={search_term_string}"},"query-input":"required name=search_term_string"}],"inLanguage":"sv-SE"},{"@type":"Organization","@id":"https:\/\/magntec.se\/#organization","name":"Magntec","url":"https:\/\/magntec.se\/","logo":{"@type":"ImageObject","inLanguage":"sv-SE","@id":"https:\/\/magntec.se\/#\/schema\/logo\/image\/","url":"https:\/\/magntec.se\/wp-content\/uploads\/2023\/10\/Magntec-horisontal.png","contentUrl":"https:\/\/magntec.se\/wp-content\/uploads\/2023\/10\/Magntec-horisontal.png","width":3939,"height":644,"caption":"Magntec"},"image":{"@id":"https:\/\/magntec.se\/#\/schema\/logo\/image\/"}}]}},"_links":{"self":[{"href":"https:\/\/magntec.se\/index.php\/wp-json\/wp\/v2\/pages\/826","targetHints":{"allow":["GET"]}}],"collection":[{"href":"https:\/\/magntec.se\/index.php\/wp-json\/wp\/v2\/pages"}],"about":[{"href":"https:\/\/magntec.se\/index.php\/wp-json\/wp\/v2\/types\/page"}],"author":[{"embeddable":true,"href":"https:\/\/magntec.se\/index.php\/wp-json\/wp\/v2\/users\/3"}],"replies":[{"embeddable":true,"href":"https:\/\/magntec.se\/index.php\/wp-json\/wp\/v2\/comments?post=826"}],"version-history":[{"count":8,"href":"https:\/\/magntec.se\/index.php\/wp-json\/wp\/v2\/pages\/826\/revisions"}],"predecessor-version":[{"id":1202,"href":"https:\/\/magntec.se\/index.php\/wp-json\/wp\/v2\/pages\/826\/revisions\/1202"}],"wp:attachment":[{"href":"https:\/\/magntec.se\/index.php\/wp-json\/wp\/v2\/media?parent=826"}],"curies":[{"name":"wp","href":"https:\/\/api.w.org\/{rel}","templated":true}]}}